{"id":3901,"date":"2026-02-23T10:16:53","date_gmt":"2026-02-23T09:16:53","guid":{"rendered":"https:\/\/phsradomsko.pl\/?page_id=3901"},"modified":"2026-02-23T10:53:05","modified_gmt":"2026-02-23T09:53:05","slug":"rodo","status":"publish","type":"page","link":"https:\/\/phsradomsko.pl\/?page_id=3901","title":{"rendered":"RODO"},"content":{"rendered":"<p>[et_pb_section fb_built=&#8221;1&#8243; theme_builder_area=&#8221;post_content&#8221; _builder_version=&#8221;4.27.4&#8243; _module_preset=&#8221;default&#8221; hover_enabled=&#8221;0&#8243; sticky_enabled=&#8221;0&#8243;][et_pb_row _builder_version=&#8221;4.27.4&#8243; _module_preset=&#8221;default&#8221; theme_builder_area=&#8221;post_content&#8221;][et_pb_column _builder_version=&#8221;4.27.4&#8243; _module_preset=&#8221;default&#8221; type=&#8221;4_4&#8243; theme_builder_area=&#8221;post_content&#8221;][et_pb_text _builder_version=&#8221;4.27.4&#8243; _module_preset=&#8221;default&#8221; theme_builder_area=&#8221;post_content&#8221; hover_enabled=&#8221;0&#8243; sticky_enabled=&#8221;0&#8243;]<\/p>\n<p><span><strong>KLAUZULA INFORMACYJNA O\u00a0PRZETWARZANIU DANYCH OSOBOWYCH<\/strong><\/span><\/p>\n<p><strong><em>W\u00a0zwi\u0105zku z\u00a0realizacj\u0105 wymog\u00f3w Rozporz\u0105dzenia Parlamentu Europejskiego i\u00a0 Rady (UE) 2016\/679 z\u00a0dnia 27\u00a0kwietnia\u00a02016 r.\u00a0w\u00a0sprawie ochrony os\u00f3b fizycznych w\u00a0zwi\u0105zku z\u00a0przetwarzaniem danych osobowych i\u00a0w sprawie swobodnego przep\u0142ywu takich danych oraz uchylenia dyrektywy 95\/46\/WE (og\u00f3lne rozporz\u0105dzenie o\u00a0ochronie danych \u201eRODO\u201d), informujemy o\u00a0zasadach przetwarzania Pani\/Pana danych osobowych oraz o\u00a0przys\u0142uguj\u0105cych Pani\/Panu prawach z\u00a0tym zwi\u0105zanych<\/em><\/strong>.\u00a0<\/p>\n<ol>\n<li>Administratorem pani\/Pana danych osobowych jest Powiatowa Hala Sportowa w Radomsku ul. Szkolna 2, 97-500 Radomsko.<\/li>\n<li>Inspektorem ochrony Danych Osobowych jest Marta Skibi\u0144ska, kontakt: iod@phsradomsko.pl<\/li>\n<li>Administrator danych osobowych gromadzi Pani\/Pana dane w\u00a0celu:\n<ul>\n<li>wype\u0142nienia obowi\u0105zk\u00f3w prawnych ci\u0105\u017c\u0105cych na Administratorze;<\/li>\n<li>realizacji um\u00f3w zawartych z\u00a0kontrahentami Administratora;<\/li>\n<li>wykonania zadania realizowanego w\u00a0interesie publicznym lub w\u00a0ramach sprawowania w\u0142adzy publicznej powierzonej Administratorowi,<\/li>\n<li>w pozosta\u0142ych przypadkach &#8211; na podstawie wcze\u015bniej udzielonej zgody w\u00a0zakresie i\u00a0celu okre\u015blonym w\u00a0tre\u015bci zgody.\u00a0<\/li>\n<\/ul>\n<\/li>\n<li>Administrator przetwarza Pa\u0144stwa dane osobowe w\u00a0\u015bci\u015ble okre\u015blonym, niezb\u0119dnym do osi\u0105gni\u0119cia celu, o\u00a0kt\u00f3rym mowa powy\u017cej.\u00a0W\u00a0szczeg\u00f3lnych sytuacjach Administrator mo\u017ce przekaza\u0107\/powierzy\u0107 Pa\u0144stwa dane innym podmiotom.\u00a0Podstaw\u0105 przekazania\/powierzenia danych s\u0105 przepisy prawa (np.\u00a0wymiar sprawiedliwo\u015bci, administracja skarbowa, instytucje zwi\u0105zane z\u00a0obs\u0142ug\u0105 funduszy unijnych, podmioty zwi\u0105zane z\u00a0obs\u0142ug\u0105 sfery socjalnej \u2013 ZUS, PFRON) lub w\u0142a\u015bciwie skonstruowane, zapewniaj\u0105ce bezpiecze\u0144stwo danym osobowym, umowy powierzenia danych do przetwarzania.<\/li>\n<li>Pani\/Pana dane osobowe przechowywane b\u0119d\u0105 przez okres wynikaj\u0105cy z przepis\u00f3w prawa oraz\u00a0b\u0119d\u0105 archiwizowane zgodnie z regulacjami obowi\u0105zuj\u0105cymi w Hali.<\/li>\n<li>Posiada Pani\/Pan prawo do \u017c\u0105dania od administratora dost\u0119pu do danych osobowych, prawo do\u00a0ich sprostowania, usuni\u0119cia lub ograniczenia przetwarzania, prawo do wniesienia sprzeciwu wobec przetwarzania, prawo do przenoszenia danych, prawo do cofni\u0119cia zgody w dowolnym momencie. Skorzystanie\u00a0z prawa cofni\u0119cia zgody nie ma wp\u0142ywu na przetwarzanie, kt\u00f3re mia\u0142o miejsce do\u00a0momentu wycofania zgody.<\/li>\n<\/ol>\n<p>Z powy\u017cszych uprawnie\u0144 mo\u017cna skorzysta\u0107 w\u00a0siedzibie Administratora, pisz\u0105c na adres AD lub drog\u0105 elektroniczn\u0105. Osoba, kt\u00f3rej dane przetwarzane s\u0105 na podstawie zgody wyra\u017conej przez t\u0119 osob\u0119 ma prawo do cofni\u0119cia tej zgody w\u00a0dowolnym momencie bez wp\u0142ywu na zgodno\u015b\u0107 z\u00a0prawem przetwarzania, kt\u00f3rego dokonano na podstawie zgody przed jej cofni\u0119ciem.<\/p>\n<ol>\n<li>Przys\u0142uguje Pa\u0144stwu prawo wniesienia skargi do organu nadzorczego w\u0142a\u015bciwego w\u00a0sprawach ochrony danych osobowych na niezgodne z\u00a0RODO przetwarzanie Pa\u0144stwa danych osobowych przez Administratora:<span>\u00a0<\/span><strong>Prezes Urz\u0119du Ochrony Danych Osobowych, ul Stawki 2, 00-193 Warszawa<\/strong><\/li>\n<li>W sytuacji, gdy przetwarzanie danych osobowych odbywa si\u0119 na podstawie zgody osoby, kt\u00f3rej dane dotycz\u0105, podanie przez Pani\u0105\/Pana danych osobowych Administratorowi ma charakter dobrowolny.<\/li>\n<li>Podanie przez Pani\u0105\/Pana danych osobowych jest obowi\u0105zkowe, w\u00a0sytuacji gdy przes\u0142ank\u0119 przetwarzania danych osobowych stanowi przepis prawa lub zawarta mi\u0119dzy stronami umowa.<\/li>\n<li>Pani\/Pana dane mog\u0105 by\u0107 przetwarzane w\u00a0spos\u00f3b zautomatyzowany i\u00a0nie b\u0119d\u0105 profilowane.<\/li>\n<\/ol>\n<p>&nbsp;<\/p>\n<p>&nbsp;<\/p>\n<p>&nbsp;<\/p>\n<table>\n<tbody>\n<tr>\n<td colspan=\"2\">\n<p><b>KLAUZULA INFORMACYJNA K13\/K14<\/b><span style=\"font-weight: 400;\"> \u2013 <\/span><b>FACEBOOK<\/b><\/p>\n<\/td>\n<\/tr>\n<tr>\n<td>\n<p><b>ADMINISTRATOR DANYCH\u00a0<\/b><\/p>\n<\/td>\n<td>\n<p><span style=\"font-weight: 400;\">Administratorem danych osobowych w zwi\u0105zku z prowadzeniem stron w serwisie spo\u0142eczno\u015bciowym jest Powiatowa Hala Sportowa w Radomsku ul. Szkolna 2, 97-500 Radomsko, tel. 517 877 475, e- mail: biuro@phsradomsko.pl, reprezentowana przez kierownika Powiatowej Hali Sportowej w Radomsku Dawida Nowaka wraz z Facebook Ireland Limited, z siedzib\u0105 pod adresem 4 Grand Canal Square, Grand Canal Harbour, Dublin 2 Irlandia (dalej Facebook).\u00a0<\/span><\/p>\n<\/td>\n<\/tr>\n<tr>\n<td>\n<p><b>INSPEKTOR OCHRONY DANYCH<\/b><\/p>\n<\/td>\n<td>\n<p><span style=\"font-weight: 400;\">Administrator wyznaczy\u0142 Inspektora Ochrony Danych: Marta Skibi\u0144ska, z kt\u00f3rym mo\u017cna si\u0119 skontaktowa\u0107 poprzez: adres e-mail: iod@phsradomsko.pl numerem tel.: 665 393 813 lub pisemnie na adres administratora. W celu skontaktowania si\u0119 z Inspektorem Ochrony Danych Osobowych portalu spo\u0142eczno\u015bciowego Facebook nale\u017cy wype\u0142ni\u0107 formularz znajduj\u0105cy si\u0119 na stronie <\/span><a href=\"https:\/\/help.meta.com\/support\/privacy\/\"><span style=\"font-weight: 400;\">https:\/\/help.meta.com\/support\/privacy\/<\/span><\/a><\/p>\n<\/td>\n<\/tr>\n<tr>\n<td>\n<p><b>CELE PRZETWARZANIA I PODSTAWA PRAWNA<\/b><\/p>\n<\/td>\n<td>\n<p><span style=\"font-weight: 400;\">Pa\u0144stwa dane osobowe s\u0105 przetwarzane w celu administrowania\u00a0 serwisem spo\u0142eczno\u015bciowym, w\u00a0tym tak\u017ce udzielania odpowiedzi na zamieszczane przez Pa\u0144stwa posty i\u00a0komentarze oraz nadzoru nad tre\u015bciami publikowanymi przez u\u017cytkownik\u00f3w oraz udzielania odpowiedzi na zapytania na podstawie przepisu art. 6 ust. 1 lit. f RODO, kiedy przetwarzanie jest niezb\u0119dne do cel\u00f3w wynikaj\u0105cych z prawnie uzasadnionych interes\u00f3w realizowanych przez administratora lub przez stron\u0119 trzeci\u0105. Pa\u0144stwa dane osobowe przetwarzane mog\u0105 by\u0107 r\u00f3wnie\u017c na podstawie odr\u0119bnie udzielonej zgody w zakresie i celu okre\u015blonym w tre\u015bci zgody i przez czas do wycofania zgody na podstawie art. 6 ust. 1 lit a RODO, kiedy osoba, kt\u00f3rej dane dotycz\u0105 wyrazi\u0142a zgod\u0119 na przetwarzanie swoich danych osobowych w jednym lub wi\u0119kszej liczbie okre\u015blonych cel\u00f3w. Ka\u017cdy z wsp\u00f3\u0142administrator\u00f3w samodzielnie decyduje o celach i sposobach przetwarzania danych, ale w r\u00f3\u017cnym zakresie. Zasady przetwarzania danych osobowych okre\u015blone przez dostawc\u0119 serwisu Facebook znajduj\u0105 si\u0119 w Polityce Prywatno\u015bci serwisu Facebook dost\u0119pnej na stronie:\u00a0<\/span><a href=\"https:\/\/www.facebook.com\/privacy\/explanation.\"><span style=\"font-weight: 400;\">https:\/\/www.facebook.com\/privacy\/explanation.<\/span><\/a><span style=\"font-weight: 400;\"> Informacje na temat przetwarzania danych w zakresie statystyk strony z Facebook Ireland Limited dost\u0119pne s\u0105 pod adresem:\u00a0<\/span><a href=\"https:\/\/pl.facebook.com\/legal\/terms\/page_controller_addendum\"><span style=\"font-weight: 400;\">https:\/\/pl.facebook.com\/legal\/terms\/page_controller_addendum<\/span><\/a><span style=\"font-weight: 400;\">.<\/span><\/p>\n<\/td>\n<\/tr>\n<tr>\n<td>\n<p><b>ODBIORCY\/KATEGORIE ODBIORC\u00d3W DANYCH<\/b><\/p>\n<\/td>\n<td>\n<p><span style=\"font-weight: 400;\">Odbiorcami Pa\u0144stwa danych osobowych s\u0105:<\/span><\/p>\n<ul>\n<li style=\"font-weight: 400;\" aria-level=\"1\"><span style=\"font-weight: 400;\">podmioty, z kt\u00f3rymi administrator zawar\u0142 stosowne umowy powierzenia. Podmioty \u015bwiadcz\u0105ce us\u0142ugi, konsultingowe z zakresu ochrony danych osobowych ISZD, ksi\u0119gowe w zakresie prowadzenia spraw rachunkowych, doradcze w zakresie pozyskiwania \u015brodk\u00f3w finansowych oraz prowadzenia projekt\u00f3w, organizacji wydarze\u0144 kulturalnych, promowania oraz organizacji konkurs\u00f3w; rekrutacji w zakresie pozyskiwania kandydat\u00f3w do pracy, dostawy oprogramowania oraz obs\u0142ugi zdalnej,\u00a0<\/span><\/li>\n<li style=\"font-weight: 400;\" aria-level=\"1\"><span style=\"font-weight: 400;\">organy publiczne z wyj\u0105tkiem organ\u00f3w publicznych, kt\u00f3re mog\u0105 otrzymywa\u0107 dane osobowe w ramach konkretnego post\u0119powania zgodnie z prawem Unii lub prawem pa\u0144stwa cz\u0142onkowskiego;<\/span><\/li>\n<li style=\"font-weight: 400;\" aria-level=\"1\"><span style=\"font-weight: 400;\">Inni u\u017cytkownicy portalu spo\u0142eczno\u015bciowego Facebook.<\/span><\/li>\n<\/ul>\n<\/td>\n<\/tr>\n<tr>\n<td>\n<p><b>PRZYS\u0141UGUJ\u0104CE PRAWA<\/b><\/p>\n<\/td>\n<td>\n<p><span style=\"font-weight: 400;\">W zwi\u0105zku z przetwarzaniem danych osobowych przys\u0142uguj\u0105 Pa\u0144stwu uprawnienia:\u00a0<\/span><\/p>\n<ul>\n<li style=\"font-weight: 400;\" aria-level=\"1\"><span style=\"font-weight: 400;\">dost\u0119pu do tre\u015bci danych (zgodnie z art. 15 RODO);<\/span><\/li>\n<li style=\"font-weight: 400;\" aria-level=\"1\"><span style=\"font-weight: 400;\">sprostowania danych (zgodnie z art. 16 RODO);<\/span><\/li>\n<li style=\"font-weight: 400;\" aria-level=\"1\"><span style=\"font-weight: 400;\">usuni\u0119cia danych (zgodnie z art. 17 RODO);<\/span><\/li>\n<li style=\"font-weight: 400;\" aria-level=\"1\"><span style=\"font-weight: 400;\">ograniczenia przetwarzania danych (zgodnie z art. 18 RODO);<\/span><\/li>\n<\/ul>\n<p><span style=\"font-weight: 400;\">W przypadku danych osobowych przetwarzanych na podstawie na podstawie art. 6 ust 1 lit. c, art. 6 ust 1 lit. e, art. 9 ust 2 lit. h, art. 9 ust 2 lit. i RODO oraz art. 9 ust 3 RODO w wi\u0119kszo\u015bci przypadk\u00f3w nie jest mo\u017cliwa realizacja prawa do usuni\u0119cia danych czy prawa do ograniczenia przetwarzania, chyba \u017ce dane przetwarzane s\u0105 bez prawnie uzasadnionych podstaw przetwarzania.<\/span><\/p>\n<p><span style=\"font-weight: 400;\">Kiedy podstaw\u0119 przetwarzania Pa\u0144stwa danych osobowych stanowi\u0105 art. 6 ust 1 lit. a, art. 9 ust 2 lit. a czy art. 6 ust 1 lit b RODO lub przetwarzanie odbywa si\u0119 w spos\u00f3b zautomatyzowany bez uszczerbku dla art. 17 RODO przys\u0142uguje Pa\u0144stwu prawo do:<\/span><\/p>\n<ul>\n<li style=\"font-weight: 400;\" aria-level=\"1\"><span style=\"font-weight: 400;\">przenoszenia danych (zgodnie z art. 20 RODO);<\/span><\/li>\n<\/ul>\n<p><span style=\"font-weight: 400;\">Dla art. 6 ust 1 lit. e czy art. 6 ust 1 lit. f RODO w tym profilowaniu maj\u0105 Pa\u0144stwu prawo do:<\/span><\/p>\n<ul>\n<li style=\"font-weight: 400;\" aria-level=\"1\"><span style=\"font-weight: 400;\">do wniesienia sprzeciwu (zgodnie z art. 21 RODO) z przyczyn zwi\u0105zanych z sytuacj\u0105 szczeg\u00f3ln\u0105.<\/span><\/li>\n<\/ul>\n<p><span style=\"font-weight: 400;\">Prawa przys\u0142uguj\u0105ce w zwi\u0105zku z korzystaniem z serwis\u00f3w znajd\u0105 si\u0119 r\u00f3wnie\u017c na stronie: <\/span><a href=\"https:\/\/www.facebook.com\/privacy\/explanation\"><span style=\"font-weight: 400;\">https:\/\/www.facebook.com\/privacy\/explanation<\/span><\/a><\/p>\n<\/td>\n<\/tr>\n<tr>\n<td>\n<p><b>\u0179R\u00d3D\u0141O POCHODZENIA DANYCH ORAZ KATEGORIE DANYCH<\/b><\/p>\n<\/td>\n<td>\n<p><span style=\"font-weight: 400;\">Pa\u0144stwa dane osobowe zosta\u0142y pozyskane od cz\u0142onk\u00f3w rodzin lub innych os\u00f3b, posiadaj\u0105cych konta w serwisie spo\u0142eczno\u015bciowym. W\u015br\u00f3d kategorii przetwarzanych danych znajduj\u0105 si\u0119: identyfikator osoby pod kt\u00f3rym funkcjonuje ona na portalu Facebook (tj. najcz\u0119\u015bciej imi\u0119 i nazwisko), udost\u0119pniane przez w\u0142a\u015bcicieli profil\u00f3w na portalu Facebook (zdj\u0119cia profilowe i inne widoczne dla innych u\u017cytkownik\u00f3w portalu Facebook zdj\u0119cia oraz wpisy czy tre\u015b\u0107 komentarzy).<\/span><\/p>\n<\/td>\n<\/tr>\n<tr>\n<td>\n<p><b>PRAWO DO WYCOFANIA ZGODY<\/b><\/p>\n<\/td>\n<td>\n<p><span style=\"font-weight: 400;\">W przypadku przetwarzania Pa\u0144stwa danych na podstawie art. 6 ust 1 lit. a, art. 9 ust 2 lit. a RODO przys\u0142uguje Pa\u0144stwu prawo, do cofni\u0119cia zgody w dowolnym momencie, bez wp\u0142ywu na zgodno\u015b\u0107 przetwarzania z prawem, kt\u00f3rego dokonano przed jej cofni\u0119ciem.<\/span><\/p>\n<\/td>\n<\/tr>\n<tr>\n<td>\n<p><b>PRAWO WNIESIENIA SKARGI<\/b><\/p>\n<\/td>\n<td>\n<p><span style=\"font-weight: 400;\">Zgodnie z art. 77 RODO przys\u0142uguje Pa\u0144stwu prawo wniesienia skargi do organu nadzorczego (PUODO) je\u017celi uwa\u017caj\u0105 Pa\u0144stwo, \u017ce przetwarzanie danych narusza obowi\u0105zuj\u0105ce przepisy.\u00a0\u00a0<\/span><\/p>\n<\/td>\n<\/tr>\n<tr>\n<td>\n<p><b>ZAUTOMATYZOWANE PODEJMOWANIE\u00a0<\/b><\/p>\n<\/td>\n<td>\n<p><span style=\"font-weight: 400;\">W trakcie przetwarzania Pa\u0144stwa danych osobowych nie dochodzi do zautomatyzowanego podejmowania decyzji ani do profilowania.<\/span><\/p>\n<\/td>\n<\/tr>\n<tr>\n<td>\n<p><b>OKRES ARCHIWIZACJI\u00a0<\/b><\/p>\n<\/td>\n<td>\n<p><span style=\"font-weight: 400;\">Dane osobowe b\u0119d\u0105 przetwarzane do zako\u0144czenia celu w zwi\u0105zku, z kt\u00f3rym zosta\u0142y pozyskane a po tym czasie b\u0119d\u0105 przechowywane przez okres oraz w zakresie wymaganym przez przepisy powszechnie obowi\u0105zuj\u0105cego prawa w zgodzie ustaw\u0105 z dnia 14 lipca 1983 r. o narodowym zasobie archiwalnym i archiwach. Kryteriami ustalania okresu archiwizacji w przypadku ,kiedy niemo\u017cliwe jest podanie okresu przechowywania s\u0105: warto\u015b\u0107 archiwalna (archiwalne\/niearchiwalne), no\u015bnik informacji (papierowe\/elektroniczne), dost\u0119pno\u015b\u0107 dla os\u00f3b trzecich (tajne\/publiczne\/prywatne). Dane zawarte w\u00a0postach lub komentarzach mog\u0105 by\u0107 przetwarzane do momentu ich usuni\u0119cia.\u00a0 Dane gromadzone przez Facebook podlegaj\u0105 retencji na zasadach okre\u015blonych regulaminem serwisu: <\/span><a href=\"https:\/\/www.facebook.com\/policies_center\"><span style=\"font-weight: 400;\">https:\/\/www.facebook.com\/policies_center<\/span><\/a><\/p>\n<\/td>\n<\/tr>\n<tr>\n<td>\n<p><b>OBOWI\u0104ZEK PODANIA INFORMACJI<\/b><\/p>\n<\/td>\n<td>\n<p><span style=\"font-weight: 400;\">Podanie danych jest dobrowolne, ale konieczne w celu realizacji celu przetwarzania. W przypadku odmowy podania danych osobowych nie b\u0119dzie mo\u017cliwa realizacja celu w jakim zbierane s\u0105 Pa\u0144stwa dane osobowe.<\/span><\/p>\n<\/td>\n<\/tr>\n<tr>\n<td>\n<p><b>PRZEKAZANIE DANYCH\u00a0<\/b><\/p>\n<\/td>\n<td>\n<p><span style=\"font-weight: 400;\">Administrator Powiatowa Hala Sportowa w Radomsku nie przekazuje danych do Pa\u0144stw trzecich czy organizacji mi\u0119dzynarodowych. W przypadku danych przetwarzanych przez Facebook mo\u017ce doj\u015b\u0107 do przekazania danych osobowych do pa\u0144stw spoza Europejskiego Obszaru Gospodarczego na okre\u015blonych przez portal Facebook zasadach dotycz\u0105cych transferu danych <\/span><a href=\"https:\/\/www.facebook.com\/legal\/EU_data_transfer_addendum\/update\"><span style=\"font-weight: 400;\">https:\/\/www.facebook.com\/legal\/EU_data_transfer_addendum\/update<\/span><\/a><span style=\"font-weight: 400;\">\u00a0<\/span><\/p>\n<\/td>\n<\/tr>\n<\/tbody>\n<\/table>\n<p>&nbsp;<\/p>\n<p>&nbsp;<\/p>\n<p>[\/et_pb_text][\/et_pb_column][\/et_pb_row][\/et_pb_section]<\/p>\n","protected":false},"excerpt":{"rendered":"<p>KLAUZULA INFORMACYJNA O\u00a0PRZETWARZANIU DANYCH OSOBOWYCH W\u00a0zwi\u0105zku z\u00a0realizacj\u0105 wymog\u00f3w Rozporz\u0105dzenia Parlamentu Europejskiego i\u00a0 Rady (UE) 2016\/679 z\u00a0dnia 27\u00a0kwietnia\u00a02016 r.\u00a0w\u00a0sprawie ochrony os\u00f3b fizycznych w\u00a0zwi\u0105zku z\u00a0przetwarzaniem danych osobowych i\u00a0w sprawie swobodnego przep\u0142ywu takich danych oraz uchylenia dyrektywy 95\/46\/WE (og\u00f3lne rozporz\u0105dzenie o\u00a0ochronie danych \u201eRODO\u201d), informujemy o\u00a0zasadach przetwarzania Pani\/Pana danych osobowych oraz o\u00a0przys\u0142uguj\u0105cych Pani\/Panu prawach z\u00a0tym zwi\u0105zanych.\u00a0 Administratorem pani\/Pana danych [&hellip;]<\/p>\n","protected":false},"author":17,"featured_media":0,"parent":0,"menu_order":0,"comment_status":"closed","ping_status":"closed","template":"","meta":{"_et_pb_use_builder":"on","_et_pb_old_content":"","_et_gb_content_width":"","footnotes":""},"class_list":["post-3901","page","type-page","status-publish","hentry"],"_links":{"self":[{"href":"https:\/\/phsradomsko.pl\/index.php?rest_route=\/wp\/v2\/pages\/3901","targetHints":{"allow":["GET"]}}],"collection":[{"href":"https:\/\/phsradomsko.pl\/index.php?rest_route=\/wp\/v2\/pages"}],"about":[{"href":"https:\/\/phsradomsko.pl\/index.php?rest_route=\/wp\/v2\/types\/page"}],"author":[{"embeddable":true,"href":"https:\/\/phsradomsko.pl\/index.php?rest_route=\/wp\/v2\/users\/17"}],"replies":[{"embeddable":true,"href":"https:\/\/phsradomsko.pl\/index.php?rest_route=%2Fwp%2Fv2%2Fcomments&post=3901"}],"version-history":[{"count":3,"href":"https:\/\/phsradomsko.pl\/index.php?rest_route=\/wp\/v2\/pages\/3901\/revisions"}],"predecessor-version":[{"id":3906,"href":"https:\/\/phsradomsko.pl\/index.php?rest_route=\/wp\/v2\/pages\/3901\/revisions\/3906"}],"wp:attachment":[{"href":"https:\/\/phsradomsko.pl\/index.php?rest_route=%2Fwp%2Fv2%2Fmedia&parent=3901"}],"curies":[{"name":"wp","href":"https:\/\/api.w.org\/{rel}","templated":true}]}}